{"id":2306,"date":"2022-01-05T11:04:05","date_gmt":"2022-01-05T10:04:05","guid":{"rendered":"https:\/\/www.stephaneolivier.eu\/?post_type=product&#038;p=2306"},"modified":"2022-01-05T11:33:09","modified_gmt":"2022-01-05T10:33:09","slug":"oslo-13","status":"publish","type":"product","link":"https:\/\/www.stephaneolivier.eu\/en\/product\/oslo-13\/","title":{"rendered":"Oslo-13"},"content":{"rendered":"<p class=\" translation-block\"><strong>Pendant<\/strong> with <strong>blown glass bead<\/strong>, made from opaque <strong>murrines<\/strong> in <strong>Blue<\/strong> and <strong>Ivory<\/strong><\/p>\n<p class=\" translation-block\">Pearl diameter 25 mm mounted on <strong>Black neoprene cord <\/strong> length <strong>64cm<\/strong><\/p>\n<p class=\" translation-block\">Buckle closure and small bead in matching <strong>Blue<\/strong> color (detail image of the closure is not contractual)<\/p>\n<p class=\" translation-block\">Weight <strong>10g<\/strong><\/p>","protected":false},"excerpt":{"rendered":"<p>Pendentif avec \u00a0perle de verre\u00a0souffl\u00e9e, r\u00e9alis\u00e9e \u00e0 partir de murrines opaque de couleur Bleue\u00a0 et Ivoire Perle diam\u00e8tre 25 mm mont\u00e9e sur cordon\u00a0N\u00e9opr\u00e8ne noir longueur 64cm Fermeture par boucle et petite perle de couleur Bleue assortie (image du detail de la fermeture non contractuelle) Poids 10g<\/p>","protected":false},"featured_media":2287,"template":"","meta":{"_mi_skip_tracking":false,"_monsterinsights_sitenote_active":false,"_monsterinsights_sitenote_note":"","_monsterinsights_sitenote_category":0,"_vp_format_video_url":"","_vp_image_focal_point":[]},"product_cat":[154,49],"product_tag":[67],"yoast_head":"<!-- This site is optimized with the Yoast SEO plugin v20.12 - https:\/\/yoast.com\/wordpress\/plugins\/seo\/ -->\n<title>Oslo-13 - St\u00e9phane OLIVIER<\/title>\n<meta name=\"description\" content=\"Pendentif avec \u00a0perle de verre\u00a0soufl\u00e9e, r\u00e9alis\u00e9e \u00e0 partir de murrines opaque de couleur Bleue\u00a0 et Ivoire - Perle diam\u00e8tre 25 mm mont\u00e9e sur cordon\u00a0N\u00e9opr\u00e8ne noir longueur 64cm\" \/>\n<meta name=\"robots\" content=\"index, follow, max-snippet:-1, max-image-preview:large, max-video-preview:-1\" \/>\n<link rel=\"canonical\" href=\"https:\/\/www.stephaneolivier.eu\/en\/product\/oslo-13\/\" \/>\n<meta property=\"og:locale\" content=\"en_US\" \/>\n<meta property=\"og:type\" content=\"article\" \/>\n<meta property=\"og:title\" content=\"Oslo-13 - St\u00e9phane OLIVIER\" \/>\n<meta property=\"og:description\" content=\"Pendentif avec \u00a0perle de verre\u00a0soufl\u00e9e, r\u00e9alis\u00e9e \u00e0 partir de murrines opaque de couleur Bleue\u00a0 et Ivoire - Perle diam\u00e8tre 25 mm mont\u00e9e sur cordon\u00a0N\u00e9opr\u00e8ne noir longueur 64cm\" \/>\n<meta property=\"og:url\" content=\"https:\/\/www.stephaneolivier.eu\/en\/product\/oslo-13\/\" \/>\n<meta property=\"og:site_name\" content=\"St\u00e9phane OLIVIER\" \/>\n<meta property=\"article:modified_time\" content=\"2022-01-05T10:33:09+00:00\" \/>\n<meta property=\"og:image\" content=\"https:\/\/www.stephaneolivier.eu\/wp-content\/uploads\/2022\/01\/1x1_064A2334_Oslo-13_Stephane_OLIVIER.jpg\" \/>\n\t<meta property=\"og:image:width\" content=\"1080\" \/>\n\t<meta property=\"og:image:height\" content=\"1080\" \/>\n\t<meta property=\"og:image:type\" content=\"image\/jpeg\" \/>\n<meta name=\"twitter:card\" content=\"summary_large_image\" \/>\n<meta name=\"twitter:label1\" content=\"Est. reading time\" \/>\n\t<meta name=\"twitter:data1\" content=\"1 minute\" \/>\n<script type=\"application\/ld+json\" class=\"yoast-schema-graph\">{\"@context\":\"https:\/\/schema.org\",\"@graph\":[{\"@type\":\"WebPage\",\"@id\":\"https:\/\/www.stephaneolivier.eu\/produit\/oslo-13\/\",\"url\":\"https:\/\/www.stephaneolivier.eu\/produit\/oslo-13\/\",\"name\":\"Oslo-13 - St\u00e9phane OLIVIER\",\"isPartOf\":{\"@id\":\"https:\/\/www.stephaneolivier.eu\/#website\"},\"datePublished\":\"2022-01-05T10:04:05+00:00\",\"dateModified\":\"2022-01-05T10:33:09+00:00\",\"description\":\"Pendentif avec \u00a0perle de verre\u00a0soufl\u00e9e, r\u00e9alis\u00e9e \u00e0 partir de murrines opaque de couleur Bleue\u00a0 et Ivoire - Perle diam\u00e8tre 25 mm mont\u00e9e sur cordon\u00a0N\u00e9opr\u00e8ne noir longueur 64cm\",\"breadcrumb\":{\"@id\":\"https:\/\/www.stephaneolivier.eu\/produit\/oslo-13\/#breadcrumb\"},\"inLanguage\":\"en-US\",\"potentialAction\":[{\"@type\":\"ReadAction\",\"target\":[\"https:\/\/www.stephaneolivier.eu\/produit\/oslo-13\/\"]}]},{\"@type\":\"BreadcrumbList\",\"@id\":\"https:\/\/www.stephaneolivier.eu\/produit\/oslo-13\/#breadcrumb\",\"itemListElement\":[{\"@type\":\"ListItem\",\"position\":1,\"name\":\"Accueil\",\"item\":\"https:\/\/www.stephaneolivier.eu\/\"},{\"@type\":\"ListItem\",\"position\":2,\"name\":\"Boutique\",\"item\":\"https:\/\/www.stephaneolivier.eu\/boutique\/\"},{\"@type\":\"ListItem\",\"position\":3,\"name\":\"Oslo-13\"}]},{\"@type\":\"WebSite\",\"@id\":\"https:\/\/www.stephaneolivier.eu\/#website\",\"url\":\"https:\/\/www.stephaneolivier.eu\/\",\"name\":\"St\u00e9phane OLIVIER Glass Jewelry\",\"description\":\"Artisanat d&#039;art - Bijoux en verre et argent\",\"publisher\":{\"@id\":\"https:\/\/www.stephaneolivier.eu\/#organization\"},\"potentialAction\":[{\"@type\":\"SearchAction\",\"target\":{\"@type\":\"EntryPoint\",\"urlTemplate\":\"https:\/\/www.stephaneolivier.eu\/?s={search_term_string}\"},\"query-input\":\"required name=search_term_string\"}],\"inLanguage\":\"en-US\"},{\"@type\":\"Organization\",\"@id\":\"https:\/\/www.stephaneolivier.eu\/#organization\",\"name\":\"St\u00e9phane OLIVIER\",\"url\":\"https:\/\/www.stephaneolivier.eu\/\",\"logo\":{\"@type\":\"ImageObject\",\"inLanguage\":\"en-US\",\"@id\":\"https:\/\/www.stephaneolivier.eu\/#\/schema\/logo\/image\/\",\"url\":\"https:\/\/www.stephaneolivier.eu\/wp-content\/uploads\/2020\/03\/1x1_IMG_2591_Stendhal-1_Stephane_OLIVIER.jpg\",\"contentUrl\":\"https:\/\/www.stephaneolivier.eu\/wp-content\/uploads\/2020\/03\/1x1_IMG_2591_Stendhal-1_Stephane_OLIVIER.jpg\",\"width\":1024,\"height\":1024,\"caption\":\"St\u00e9phane OLIVIER\"},\"image\":{\"@id\":\"https:\/\/www.stephaneolivier.eu\/#\/schema\/logo\/image\/\"},\"sameAs\":[\"https:\/\/www.instagram.com\/stephane_olivier_beads\/\",\"https:\/\/www.pinterest.fr\/stphaneo\/\"]}]}<\/script>\n<!-- \/ Yoast SEO plugin. -->","yoast_head_json":{"title":"Oslo-13 - St\u00e9phane OLIVIER","description":"Pendentif avec \u00a0perle de verre\u00a0soufl\u00e9e, r\u00e9alis\u00e9e \u00e0 partir de murrines opaque de couleur Bleue\u00a0 et Ivoire - Perle diam\u00e8tre 25 mm mont\u00e9e sur cordon\u00a0N\u00e9opr\u00e8ne noir longueur 64cm","robots":{"index":"index","follow":"follow","max-snippet":"max-snippet:-1","max-image-preview":"max-image-preview:large","max-video-preview":"max-video-preview:-1"},"canonical":"https:\/\/www.stephaneolivier.eu\/en\/product\/oslo-13\/","og_locale":"en_US","og_type":"article","og_title":"Oslo-13 - St\u00e9phane OLIVIER","og_description":"Pendentif avec \u00a0perle de verre\u00a0soufl\u00e9e, r\u00e9alis\u00e9e \u00e0 partir de murrines opaque de couleur Bleue\u00a0 et Ivoire - Perle diam\u00e8tre 25 mm mont\u00e9e sur cordon\u00a0N\u00e9opr\u00e8ne noir longueur 64cm","og_url":"https:\/\/www.stephaneolivier.eu\/en\/product\/oslo-13\/","og_site_name":"St\u00e9phane OLIVIER","article_modified_time":"2022-01-05T10:33:09+00:00","og_image":[{"width":1080,"height":1080,"url":"https:\/\/www.stephaneolivier.eu\/wp-content\/uploads\/2022\/01\/1x1_064A2334_Oslo-13_Stephane_OLIVIER.jpg","type":"image\/jpeg"}],"twitter_card":"summary_large_image","twitter_misc":{"Est. reading time":"1 minute"},"schema":{"@context":"https:\/\/schema.org","@graph":[{"@type":"WebPage","@id":"https:\/\/www.stephaneolivier.eu\/produit\/oslo-13\/","url":"https:\/\/www.stephaneolivier.eu\/produit\/oslo-13\/","name":"Oslo-13 - St\u00e9phane OLIVIER","isPartOf":{"@id":"https:\/\/www.stephaneolivier.eu\/#website"},"datePublished":"2022-01-05T10:04:05+00:00","dateModified":"2022-01-05T10:33:09+00:00","description":"Pendentif avec \u00a0perle de verre\u00a0soufl\u00e9e, r\u00e9alis\u00e9e \u00e0 partir de murrines opaque de couleur Bleue\u00a0 et Ivoire - Perle diam\u00e8tre 25 mm mont\u00e9e sur cordon\u00a0N\u00e9opr\u00e8ne noir longueur 64cm","breadcrumb":{"@id":"https:\/\/www.stephaneolivier.eu\/produit\/oslo-13\/#breadcrumb"},"inLanguage":"en-US","potentialAction":[{"@type":"ReadAction","target":["https:\/\/www.stephaneolivier.eu\/produit\/oslo-13\/"]}]},{"@type":"BreadcrumbList","@id":"https:\/\/www.stephaneolivier.eu\/produit\/oslo-13\/#breadcrumb","itemListElement":[{"@type":"ListItem","position":1,"name":"Accueil","item":"https:\/\/www.stephaneolivier.eu\/"},{"@type":"ListItem","position":2,"name":"Boutique","item":"https:\/\/www.stephaneolivier.eu\/boutique\/"},{"@type":"ListItem","position":3,"name":"Oslo-13"}]},{"@type":"WebSite","@id":"https:\/\/www.stephaneolivier.eu\/#website","url":"https:\/\/www.stephaneolivier.eu\/","name":"St\u00e9phane OLIVIER Glass Jewelry","description":"Artisanat d&#039;art - Bijoux en verre et argent","publisher":{"@id":"https:\/\/www.stephaneolivier.eu\/#organization"},"potentialAction":[{"@type":"SearchAction","target":{"@type":"EntryPoint","urlTemplate":"https:\/\/www.stephaneolivier.eu\/?s={search_term_string}"},"query-input":"required name=search_term_string"}],"inLanguage":"en-US"},{"@type":"Organization","@id":"https:\/\/www.stephaneolivier.eu\/#organization","name":"St\u00e9phane OLIVIER","url":"https:\/\/www.stephaneolivier.eu\/","logo":{"@type":"ImageObject","inLanguage":"en-US","@id":"https:\/\/www.stephaneolivier.eu\/#\/schema\/logo\/image\/","url":"https:\/\/www.stephaneolivier.eu\/wp-content\/uploads\/2020\/03\/1x1_IMG_2591_Stendhal-1_Stephane_OLIVIER.jpg","contentUrl":"https:\/\/www.stephaneolivier.eu\/wp-content\/uploads\/2020\/03\/1x1_IMG_2591_Stendhal-1_Stephane_OLIVIER.jpg","width":1024,"height":1024,"caption":"St\u00e9phane OLIVIER"},"image":{"@id":"https:\/\/www.stephaneolivier.eu\/#\/schema\/logo\/image\/"},"sameAs":["https:\/\/www.instagram.com\/stephane_olivier_beads\/","https:\/\/www.pinterest.fr\/stphaneo\/"]}]}},"_links":{"self":[{"href":"https:\/\/www.stephaneolivier.eu\/en\/wp-json\/wp\/v2\/product\/2306"}],"collection":[{"href":"https:\/\/www.stephaneolivier.eu\/en\/wp-json\/wp\/v2\/product"}],"about":[{"href":"https:\/\/www.stephaneolivier.eu\/en\/wp-json\/wp\/v2\/types\/product"}],"wp:featuredmedia":[{"embeddable":true,"href":"https:\/\/www.stephaneolivier.eu\/en\/wp-json\/wp\/v2\/media\/2287"}],"wp:attachment":[{"href":"https:\/\/www.stephaneolivier.eu\/en\/wp-json\/wp\/v2\/media?parent=2306"}],"wp:term":[{"taxonomy":"product_cat","embeddable":true,"href":"https:\/\/www.stephaneolivier.eu\/en\/wp-json\/wp\/v2\/product_cat?post=2306"},{"taxonomy":"product_tag","embeddable":true,"href":"https:\/\/www.stephaneolivier.eu\/en\/wp-json\/wp\/v2\/product_tag?post=2306"}],"curies":[{"name":"wp","href":"https:\/\/api.w.org\/{rel}","templated":true}]}}

<p>Pendentif avec  perle de verre soufflée, réalisée à partir de murrines opaque de couleur Bleue  et Ivoire Perle diamètre 25 mm montée sur cordon Néoprène noir longueur 64cm Fermeture par boucle et petite perle de couleur Bleue assortie (image du detail de la fermeture non contractuelle) Poids 10g</p>

<!-- This site is optimized with the Yoast SEO plugin v20.12 - https://yoast.com/wordpress/plugins/seo/ -->
<title>Oslo-13 - Stéphane OLIVIER</title>
<meta name="description" content="Pendentif avec  perle de verre souflée, réalisée à partir de murrines opaque de couleur Bleue  et Ivoire - Perle diamètre 25 mm montée sur cordon Néoprène noir longueur 64cm" />
<meta name="robots" content="index, follow, max-snippet:-1, max-image-preview:large, max-video-preview:-1" />
<link rel="canonical" href="https://www.stephaneolivier.eu/en/product/oslo-13/" />
<meta property="og:locale" content="en_US" />
<meta property="og:type" content="article" />
<meta property="og:title" content="Oslo-13 - Stéphane OLIVIER" />
<meta property="og:description" content="Pendentif avec  perle de verre souflée, réalisée à partir de murrines opaque de couleur Bleue  et Ivoire - Perle diamètre 25 mm montée sur cordon Néoprène noir longueur 64cm" />
<meta property="og:url" content="https://www.stephaneolivier.eu/en/product/oslo-13/" />
<meta property="og:site_name" content="Stéphane OLIVIER" />
<meta property="article:modified_time" content="2022-01-05T10:33:09+00:00" />
<meta property="og:image" content="https://www.stephaneolivier.eu/wp-content/uploads/2022/01/1x1_064A2334_Oslo-13_Stephane_OLIVIER.jpg" />
	<meta property="og:image:width" content="1080" />
	<meta property="og:image:height" content="1080" />
	<meta property="og:image:type" content="image/jpeg" />
<meta name="twitter:card" content="summary_large_image" />
<meta name="twitter:label1" content="Est. reading time" />
	<meta name="twitter:data1" content="1 minute" />
<script type="application/ld+json" class="yoast-schema-graph">{"@context":"https://schema.org","@graph":[{"@type":"WebPage","@id":"https://www.stephaneolivier.eu/produit/oslo-13/","url":"https://www.stephaneolivier.eu/produit/oslo-13/","name":"Oslo-13 - Stéphane OLIVIER","isPartOf":{"@id":"https://www.stephaneolivier.eu/#website"},"datePublished":"2022-01-05T10:04:05+00:00","dateModified":"2022-01-05T10:33:09+00:00","description":"Pendentif avec  perle de verre souflée, réalisée à partir de murrines opaque de couleur Bleue  et Ivoire - Perle diamètre 25 mm montée sur cordon Néoprène noir longueur 64cm","breadcrumb":{"@id":"https://www.stephaneolivier.eu/produit/oslo-13/#breadcrumb"},"inLanguage":"en-US","potentialAction":[{"@type":"ReadAction","target":["https://www.stephaneolivier.eu/produit/oslo-13/"]}]},{"@type":"BreadcrumbList","@id":"https://www.stephaneolivier.eu/produit/oslo-13/#breadcrumb","itemListElement":[{"@type":"ListItem","position":1,"name":"Accueil","item":"https://www.stephaneolivier.eu/"},{"@type":"ListItem","position":2,"name":"Boutique","item":"https://www.stephaneolivier.eu/boutique/"},{"@type":"ListItem","position":3,"name":"Oslo-13"}]},{"@type":"WebSite","@id":"https://www.stephaneolivier.eu/#website","url":"https://www.stephaneolivier.eu/","name":"Stéphane OLIVIER Glass Jewelry","description":"Artisanat d&#039;art - Bijoux en verre et argent","publisher":{"@id":"https://www.stephaneolivier.eu/#organization"},"potentialAction":[{"@type":"SearchAction","target":{"@type":"EntryPoint","urlTemplate":"https://www.stephaneolivier.eu/?s={search_term_string}"},"query-input":"required name=search_term_string"}],"inLanguage":"en-US"},{"@type":"Organization","@id":"https://www.stephaneolivier.eu/#organization","name":"Stéphane OLIVIER","url":"https://www.stephaneolivier.eu/","logo":{"@type":"ImageObject","inLanguage":"en-US","@id":"https://www.stephaneolivier.eu/#/schema/logo/image/","url":"https://www.stephaneolivier.eu/wp-content/uploads/2020/03/1x1_IMG_2591_Stendhal-1_Stephane_OLIVIER.jpg","contentUrl":"https://www.stephaneolivier.eu/wp-content/uploads/2020/03/1x1_IMG_2591_Stendhal-1_Stephane_OLIVIER.jpg","width":1024,"height":1024,"caption":"Stéphane OLIVIER"},"image":{"@id":"https://www.stephaneolivier.eu/#/schema/logo/image/"},"sameAs":["https://www.instagram.com/stephane_olivier_beads/","https://www.pinterest.fr/stphaneo/"]}]}</script>
<!-- / Yoast SEO plugin. -->

Oslo-13 - Stéphane OLIVIER

Pendentif avec  perle de verre souflée, réalisée à partir de murrines opaque de couleur Bleue  et Ivoire - Perle diamètre 25 mm montée sur cordon Néoprène noir longueur 64cm

Stéphane OLIVIER

Stéphane OLIVIER Glass Jewelry
