{"id":2360,"date":"2022-01-05T15:50:15","date_gmt":"2022-01-05T14:50:15","guid":{"rendered":"https:\/\/www.stephaneolivier.eu\/?post_type=product&#038;p=2360"},"modified":"2022-01-05T15:52:17","modified_gmt":"2022-01-05T14:52:17","slug":"triango-04","status":"publish","type":"product","link":"https:\/\/www.stephaneolivier.eu\/en\/product\/triango-04\/","title":{"rendered":"Triango-04"},"content":{"rendered":"<p class=\" translation-block\"><strong>Glass bead necklace<\/strong> opaque in color <strong>Green<\/strong> with triangular patterns in <strong>Orange Gray Yellow<\/strong> and <strong> Blue<\/strong><\/p>\n<p class=\" translation-block\"><strong>Pearl<\/strong> with a diameter <strong>22<\/strong><strong>mm<\/strong> mounted on <strong>black neoprene necklace<\/strong> length <strong>42cm<\/strong><\/p>\n<p class=\" translation-block\">Buckle closure and small <b>Green<\/b> bead (detail image of the closure is not contractual)<\/p>\n<p class=\" translation-block\">Weight <strong>10g<\/strong><\/p>","protected":false},"excerpt":{"rendered":"<p>Collier perle de verre opaque \u00a0de couleur Verte \u00e0 motifs triangulaires de couleur \u00a0Orange Gris Jaune\u00a0et Bleu Perle\u00a0de diam\u00e8tre\u00a022mm\u00a0mont\u00e9e sur collier N\u00e9opr\u00e8ne noir longueur 42cm Fermeture par boucle et petite perle de couleur Verte \u00a0(image du detail de la fermeture non contractuelle) Poids 10g<\/p>","protected":false},"featured_media":2348,"template":"","meta":{"_mi_skip_tracking":false,"_monsterinsights_sitenote_active":false,"_monsterinsights_sitenote_note":"","_monsterinsights_sitenote_category":0,"_vp_format_video_url":"","_vp_image_focal_point":[]},"product_cat":[155,154],"product_tag":[159],"yoast_head":"<!-- This site is optimized with the Yoast SEO plugin v20.12 - https:\/\/yoast.com\/wordpress\/plugins\/seo\/ -->\n<title>Triango-04 - St\u00e9phane OLIVIER<\/title>\n<meta name=\"description\" content=\"Collier perle de verre opaque \u00a0de couleur Verte \u00e0 motifs triangulaires de couleur \u00a0Orange Gris Jaune\u00a0et Bleu - Perle\u00a0de diam\u00e8tres 22mm\u00a0mont\u00e9e sur collier N\u00e9opr\u00e8ne noir longueur 42cm\" \/>\n<meta name=\"robots\" content=\"index, follow, max-snippet:-1, max-image-preview:large, max-video-preview:-1\" \/>\n<link rel=\"canonical\" href=\"https:\/\/www.stephaneolivier.eu\/en\/product\/triango-04\/\" \/>\n<meta property=\"og:locale\" content=\"en_US\" \/>\n<meta property=\"og:type\" content=\"article\" \/>\n<meta property=\"og:title\" content=\"Triango-04 - St\u00e9phane OLIVIER\" \/>\n<meta property=\"og:description\" content=\"Collier perle de verre opaque \u00a0de couleur Verte \u00e0 motifs triangulaires de couleur \u00a0Orange Gris Jaune\u00a0et Bleu - Perle\u00a0de diam\u00e8tres 22mm\u00a0mont\u00e9e sur collier N\u00e9opr\u00e8ne noir longueur 42cm\" \/>\n<meta property=\"og:url\" content=\"https:\/\/www.stephaneolivier.eu\/en\/product\/triango-04\/\" \/>\n<meta property=\"og:site_name\" content=\"St\u00e9phane OLIVIER\" \/>\n<meta property=\"article:modified_time\" content=\"2022-01-05T14:52:17+00:00\" \/>\n<meta property=\"og:image\" content=\"https:\/\/www.stephaneolivier.eu\/wp-content\/uploads\/2022\/01\/1x1_064A2430_Triango-4_Stephane_OLIVIER.jpg\" \/>\n\t<meta property=\"og:image:width\" content=\"1080\" \/>\n\t<meta property=\"og:image:height\" content=\"1080\" \/>\n\t<meta property=\"og:image:type\" content=\"image\/jpeg\" \/>\n<meta name=\"twitter:card\" content=\"summary_large_image\" \/>\n<meta name=\"twitter:label1\" content=\"Est. reading time\" \/>\n\t<meta name=\"twitter:data1\" content=\"1 minute\" \/>\n<script type=\"application\/ld+json\" class=\"yoast-schema-graph\">{\"@context\":\"https:\/\/schema.org\",\"@graph\":[{\"@type\":\"WebPage\",\"@id\":\"https:\/\/www.stephaneolivier.eu\/produit\/triango-04\/\",\"url\":\"https:\/\/www.stephaneolivier.eu\/produit\/triango-04\/\",\"name\":\"Triango-04 - St\u00e9phane OLIVIER\",\"isPartOf\":{\"@id\":\"https:\/\/www.stephaneolivier.eu\/#website\"},\"datePublished\":\"2022-01-05T14:50:15+00:00\",\"dateModified\":\"2022-01-05T14:52:17+00:00\",\"description\":\"Collier perle de verre opaque \u00a0de couleur Verte \u00e0 motifs triangulaires de couleur \u00a0Orange Gris Jaune\u00a0et Bleu - Perle\u00a0de diam\u00e8tres 22mm\u00a0mont\u00e9e sur collier N\u00e9opr\u00e8ne noir longueur 42cm\",\"breadcrumb\":{\"@id\":\"https:\/\/www.stephaneolivier.eu\/produit\/triango-04\/#breadcrumb\"},\"inLanguage\":\"en-US\",\"potentialAction\":[{\"@type\":\"ReadAction\",\"target\":[\"https:\/\/www.stephaneolivier.eu\/produit\/triango-04\/\"]}]},{\"@type\":\"BreadcrumbList\",\"@id\":\"https:\/\/www.stephaneolivier.eu\/produit\/triango-04\/#breadcrumb\",\"itemListElement\":[{\"@type\":\"ListItem\",\"position\":1,\"name\":\"Accueil\",\"item\":\"https:\/\/www.stephaneolivier.eu\/\"},{\"@type\":\"ListItem\",\"position\":2,\"name\":\"Boutique\",\"item\":\"https:\/\/www.stephaneolivier.eu\/boutique\/\"},{\"@type\":\"ListItem\",\"position\":3,\"name\":\"Triango-04\"}]},{\"@type\":\"WebSite\",\"@id\":\"https:\/\/www.stephaneolivier.eu\/#website\",\"url\":\"https:\/\/www.stephaneolivier.eu\/\",\"name\":\"St\u00e9phane OLIVIER Glass Jewelry\",\"description\":\"Artisanat d&#039;art - Bijoux en verre et argent\",\"publisher\":{\"@id\":\"https:\/\/www.stephaneolivier.eu\/#organization\"},\"potentialAction\":[{\"@type\":\"SearchAction\",\"target\":{\"@type\":\"EntryPoint\",\"urlTemplate\":\"https:\/\/www.stephaneolivier.eu\/?s={search_term_string}\"},\"query-input\":\"required name=search_term_string\"}],\"inLanguage\":\"en-US\"},{\"@type\":\"Organization\",\"@id\":\"https:\/\/www.stephaneolivier.eu\/#organization\",\"name\":\"St\u00e9phane OLIVIER\",\"url\":\"https:\/\/www.stephaneolivier.eu\/\",\"logo\":{\"@type\":\"ImageObject\",\"inLanguage\":\"en-US\",\"@id\":\"https:\/\/www.stephaneolivier.eu\/#\/schema\/logo\/image\/\",\"url\":\"https:\/\/www.stephaneolivier.eu\/wp-content\/uploads\/2020\/03\/1x1_IMG_2591_Stendhal-1_Stephane_OLIVIER.jpg\",\"contentUrl\":\"https:\/\/www.stephaneolivier.eu\/wp-content\/uploads\/2020\/03\/1x1_IMG_2591_Stendhal-1_Stephane_OLIVIER.jpg\",\"width\":1024,\"height\":1024,\"caption\":\"St\u00e9phane OLIVIER\"},\"image\":{\"@id\":\"https:\/\/www.stephaneolivier.eu\/#\/schema\/logo\/image\/\"},\"sameAs\":[\"https:\/\/www.instagram.com\/stephane_olivier_beads\/\",\"https:\/\/www.pinterest.fr\/stphaneo\/\"]}]}<\/script>\n<!-- \/ Yoast SEO plugin. -->","yoast_head_json":{"title":"Triango-04 - St\u00e9phane OLIVIER","description":"Collier perle de verre opaque \u00a0de couleur Verte \u00e0 motifs triangulaires de couleur \u00a0Orange Gris Jaune\u00a0et Bleu - Perle\u00a0de diam\u00e8tres 22mm\u00a0mont\u00e9e sur collier N\u00e9opr\u00e8ne noir longueur 42cm","robots":{"index":"index","follow":"follow","max-snippet":"max-snippet:-1","max-image-preview":"max-image-preview:large","max-video-preview":"max-video-preview:-1"},"canonical":"https:\/\/www.stephaneolivier.eu\/en\/product\/triango-04\/","og_locale":"en_US","og_type":"article","og_title":"Triango-04 - St\u00e9phane OLIVIER","og_description":"Collier perle de verre opaque \u00a0de couleur Verte \u00e0 motifs triangulaires de couleur \u00a0Orange Gris Jaune\u00a0et Bleu - Perle\u00a0de diam\u00e8tres 22mm\u00a0mont\u00e9e sur collier N\u00e9opr\u00e8ne noir longueur 42cm","og_url":"https:\/\/www.stephaneolivier.eu\/en\/product\/triango-04\/","og_site_name":"St\u00e9phane OLIVIER","article_modified_time":"2022-01-05T14:52:17+00:00","og_image":[{"width":1080,"height":1080,"url":"https:\/\/www.stephaneolivier.eu\/wp-content\/uploads\/2022\/01\/1x1_064A2430_Triango-4_Stephane_OLIVIER.jpg","type":"image\/jpeg"}],"twitter_card":"summary_large_image","twitter_misc":{"Est. reading time":"1 minute"},"schema":{"@context":"https:\/\/schema.org","@graph":[{"@type":"WebPage","@id":"https:\/\/www.stephaneolivier.eu\/produit\/triango-04\/","url":"https:\/\/www.stephaneolivier.eu\/produit\/triango-04\/","name":"Triango-04 - St\u00e9phane OLIVIER","isPartOf":{"@id":"https:\/\/www.stephaneolivier.eu\/#website"},"datePublished":"2022-01-05T14:50:15+00:00","dateModified":"2022-01-05T14:52:17+00:00","description":"Collier perle de verre opaque \u00a0de couleur Verte \u00e0 motifs triangulaires de couleur \u00a0Orange Gris Jaune\u00a0et Bleu - Perle\u00a0de diam\u00e8tres 22mm\u00a0mont\u00e9e sur collier N\u00e9opr\u00e8ne noir longueur 42cm","breadcrumb":{"@id":"https:\/\/www.stephaneolivier.eu\/produit\/triango-04\/#breadcrumb"},"inLanguage":"en-US","potentialAction":[{"@type":"ReadAction","target":["https:\/\/www.stephaneolivier.eu\/produit\/triango-04\/"]}]},{"@type":"BreadcrumbList","@id":"https:\/\/www.stephaneolivier.eu\/produit\/triango-04\/#breadcrumb","itemListElement":[{"@type":"ListItem","position":1,"name":"Accueil","item":"https:\/\/www.stephaneolivier.eu\/"},{"@type":"ListItem","position":2,"name":"Boutique","item":"https:\/\/www.stephaneolivier.eu\/boutique\/"},{"@type":"ListItem","position":3,"name":"Triango-04"}]},{"@type":"WebSite","@id":"https:\/\/www.stephaneolivier.eu\/#website","url":"https:\/\/www.stephaneolivier.eu\/","name":"St\u00e9phane OLIVIER Glass Jewelry","description":"Artisanat d&#039;art - Bijoux en verre et argent","publisher":{"@id":"https:\/\/www.stephaneolivier.eu\/#organization"},"potentialAction":[{"@type":"SearchAction","target":{"@type":"EntryPoint","urlTemplate":"https:\/\/www.stephaneolivier.eu\/?s={search_term_string}"},"query-input":"required name=search_term_string"}],"inLanguage":"en-US"},{"@type":"Organization","@id":"https:\/\/www.stephaneolivier.eu\/#organization","name":"St\u00e9phane OLIVIER","url":"https:\/\/www.stephaneolivier.eu\/","logo":{"@type":"ImageObject","inLanguage":"en-US","@id":"https:\/\/www.stephaneolivier.eu\/#\/schema\/logo\/image\/","url":"https:\/\/www.stephaneolivier.eu\/wp-content\/uploads\/2020\/03\/1x1_IMG_2591_Stendhal-1_Stephane_OLIVIER.jpg","contentUrl":"https:\/\/www.stephaneolivier.eu\/wp-content\/uploads\/2020\/03\/1x1_IMG_2591_Stendhal-1_Stephane_OLIVIER.jpg","width":1024,"height":1024,"caption":"St\u00e9phane OLIVIER"},"image":{"@id":"https:\/\/www.stephaneolivier.eu\/#\/schema\/logo\/image\/"},"sameAs":["https:\/\/www.instagram.com\/stephane_olivier_beads\/","https:\/\/www.pinterest.fr\/stphaneo\/"]}]}},"_links":{"self":[{"href":"https:\/\/www.stephaneolivier.eu\/en\/wp-json\/wp\/v2\/product\/2360"}],"collection":[{"href":"https:\/\/www.stephaneolivier.eu\/en\/wp-json\/wp\/v2\/product"}],"about":[{"href":"https:\/\/www.stephaneolivier.eu\/en\/wp-json\/wp\/v2\/types\/product"}],"wp:featuredmedia":[{"embeddable":true,"href":"https:\/\/www.stephaneolivier.eu\/en\/wp-json\/wp\/v2\/media\/2348"}],"wp:attachment":[{"href":"https:\/\/www.stephaneolivier.eu\/en\/wp-json\/wp\/v2\/media?parent=2360"}],"wp:term":[{"taxonomy":"product_cat","embeddable":true,"href":"https:\/\/www.stephaneolivier.eu\/en\/wp-json\/wp\/v2\/product_cat?post=2360"},{"taxonomy":"product_tag","embeddable":true,"href":"https:\/\/www.stephaneolivier.eu\/en\/wp-json\/wp\/v2\/product_tag?post=2360"}],"curies":[{"name":"wp","href":"https:\/\/api.w.org\/{rel}","templated":true}]}}

<p>Collier perle de verre opaque  de couleur Verte à motifs triangulaires de couleur  Orange Gris Jaune et Bleu Perle de diamètre 22mm montée sur collier Néoprène noir longueur 42cm Fermeture par boucle et petite perle de couleur Verte  (image du detail de la fermeture non contractuelle) Poids 10g</p>

<!-- This site is optimized with the Yoast SEO plugin v20.12 - https://yoast.com/wordpress/plugins/seo/ -->
<title>Triango-04 - Stéphane OLIVIER</title>
<meta name="description" content="Collier perle de verre opaque  de couleur Verte à motifs triangulaires de couleur  Orange Gris Jaune et Bleu - Perle de diamètres 22mm montée sur collier Néoprène noir longueur 42cm" />
<meta name="robots" content="index, follow, max-snippet:-1, max-image-preview:large, max-video-preview:-1" />
<link rel="canonical" href="https://www.stephaneolivier.eu/en/product/triango-04/" />
<meta property="og:locale" content="en_US" />
<meta property="og:type" content="article" />
<meta property="og:title" content="Triango-04 - Stéphane OLIVIER" />
<meta property="og:description" content="Collier perle de verre opaque  de couleur Verte à motifs triangulaires de couleur  Orange Gris Jaune et Bleu - Perle de diamètres 22mm montée sur collier Néoprène noir longueur 42cm" />
<meta property="og:url" content="https://www.stephaneolivier.eu/en/product/triango-04/" />
<meta property="og:site_name" content="Stéphane OLIVIER" />
<meta property="article:modified_time" content="2022-01-05T14:52:17+00:00" />
<meta property="og:image" content="https://www.stephaneolivier.eu/wp-content/uploads/2022/01/1x1_064A2430_Triango-4_Stephane_OLIVIER.jpg" />
	<meta property="og:image:width" content="1080" />
	<meta property="og:image:height" content="1080" />
	<meta property="og:image:type" content="image/jpeg" />
<meta name="twitter:card" content="summary_large_image" />
<meta name="twitter:label1" content="Est. reading time" />
	<meta name="twitter:data1" content="1 minute" />
<script type="application/ld+json" class="yoast-schema-graph">{"@context":"https://schema.org","@graph":[{"@type":"WebPage","@id":"https://www.stephaneolivier.eu/produit/triango-04/","url":"https://www.stephaneolivier.eu/produit/triango-04/","name":"Triango-04 - Stéphane OLIVIER","isPartOf":{"@id":"https://www.stephaneolivier.eu/#website"},"datePublished":"2022-01-05T14:50:15+00:00","dateModified":"2022-01-05T14:52:17+00:00","description":"Collier perle de verre opaque  de couleur Verte à motifs triangulaires de couleur  Orange Gris Jaune et Bleu - Perle de diamètres 22mm montée sur collier Néoprène noir longueur 42cm","breadcrumb":{"@id":"https://www.stephaneolivier.eu/produit/triango-04/#breadcrumb"},"inLanguage":"en-US","potentialAction":[{"@type":"ReadAction","target":["https://www.stephaneolivier.eu/produit/triango-04/"]}]},{"@type":"BreadcrumbList","@id":"https://www.stephaneolivier.eu/produit/triango-04/#breadcrumb","itemListElement":[{"@type":"ListItem","position":1,"name":"Accueil","item":"https://www.stephaneolivier.eu/"},{"@type":"ListItem","position":2,"name":"Boutique","item":"https://www.stephaneolivier.eu/boutique/"},{"@type":"ListItem","position":3,"name":"Triango-04"}]},{"@type":"WebSite","@id":"https://www.stephaneolivier.eu/#website","url":"https://www.stephaneolivier.eu/","name":"Stéphane OLIVIER Glass Jewelry","description":"Artisanat d&#039;art - Bijoux en verre et argent","publisher":{"@id":"https://www.stephaneolivier.eu/#organization"},"potentialAction":[{"@type":"SearchAction","target":{"@type":"EntryPoint","urlTemplate":"https://www.stephaneolivier.eu/?s={search_term_string}"},"query-input":"required name=search_term_string"}],"inLanguage":"en-US"},{"@type":"Organization","@id":"https://www.stephaneolivier.eu/#organization","name":"Stéphane OLIVIER","url":"https://www.stephaneolivier.eu/","logo":{"@type":"ImageObject","inLanguage":"en-US","@id":"https://www.stephaneolivier.eu/#/schema/logo/image/","url":"https://www.stephaneolivier.eu/wp-content/uploads/2020/03/1x1_IMG_2591_Stendhal-1_Stephane_OLIVIER.jpg","contentUrl":"https://www.stephaneolivier.eu/wp-content/uploads/2020/03/1x1_IMG_2591_Stendhal-1_Stephane_OLIVIER.jpg","width":1024,"height":1024,"caption":"Stéphane OLIVIER"},"image":{"@id":"https://www.stephaneolivier.eu/#/schema/logo/image/"},"sameAs":["https://www.instagram.com/stephane_olivier_beads/","https://www.pinterest.fr/stphaneo/"]}]}</script>
<!-- / Yoast SEO plugin. -->

Triango-04 - Stéphane OLIVIER

Collier perle de verre opaque  de couleur Verte à motifs triangulaires de couleur  Orange Gris Jaune et Bleu - Perle de diamètres 22mm montée sur collier Néoprène noir longueur 42cm

Stéphane OLIVIER

Stéphane OLIVIER Glass Jewelry
