{"id":2365,"date":"2022-01-05T16:27:46","date_gmt":"2022-01-05T15:27:46","guid":{"rendered":"https:\/\/www.stephaneolivier.eu\/?post_type=product&#038;p=2365"},"modified":"2022-01-05T16:27:47","modified_gmt":"2022-01-05T15:27:47","slug":"zingaro-01","status":"publish","type":"product","link":"https:\/\/www.stephaneolivier.eu\/en\/product\/zingaro-01\/","title":{"rendered":"Zingaro-01"},"content":{"rendered":"<p class=\" translation-block\"><strong>Ellipticals Glass bead necklace<\/strong> using  transparent <strong>Steel grey<\/strong> with crossed filigree pattern in <strong>Green<\/strong>, <strong>White<\/strong>  and <strong>Orange<\/strong>.<\/p>\n<p class=\" translation-block\">Made up of <strong>8 beads<\/strong> with diameters of 13 to 18 mm mounted on <strong>black neoprene necklace<\/strong> length <strong>41cm<\/strong><\/p>\n<p class=\" translation-block\">Buckle closure and small bead in <b>Steel Grey<\/b> (detail image of the closure is not contractual)<\/p>\n<p class=\" translation-block\">Weight <strong>59g<\/strong><\/p>","protected":false},"excerpt":{"rendered":"<p>Collier perle de verre\u00a0elliptiques transparentes \u00a0Gris acier \u00e0 motif filigran\u00e9s crois\u00e9s \u00a0de couleur Verte, Blanche et Orange. Constitu\u00e9 de 8 Perles\u00a0de diam\u00e8tres 13 \u00e0 18 mm mont\u00e9es sur collier N\u00e9opr\u00e8ne noir longueur 41cm Fermeture par boucle et petite perle de couleur Gris acier\u00a0(image du detail de la fermeture non contractuelle) Poids 59g<\/p>","protected":false},"featured_media":2366,"template":"","meta":{"_mi_skip_tracking":false,"_monsterinsights_sitenote_active":false,"_monsterinsights_sitenote_note":"","_monsterinsights_sitenote_category":0,"_vp_format_video_url":"","_vp_image_focal_point":[]},"product_cat":[155,154],"product_tag":[162],"yoast_head":"<!-- This site is optimized with the Yoast SEO plugin v20.12 - https:\/\/yoast.com\/wordpress\/plugins\/seo\/ -->\n<title>Zingaro-01 - St\u00e9phane OLIVIER<\/title>\n<meta name=\"description\" content=\"Collier perle de verre\u00a0elliptiques transparentes \u00a0Gris acier \u00e0 motif filigran\u00e9s crois\u00e9s \u00a0de couleur Verte, Blanche et Orange. - Constitu\u00e9 de 8 Perles\u00a0de diam\u00e8tres 13 \u00e0 18 mm mont\u00e9es sur collier N\u00e9opr\u00e8ne noir longueur 41cm\" \/>\n<meta name=\"robots\" content=\"index, follow, max-snippet:-1, max-image-preview:large, max-video-preview:-1\" \/>\n<link rel=\"canonical\" href=\"https:\/\/www.stephaneolivier.eu\/en\/product\/zingaro-01\/\" \/>\n<meta property=\"og:locale\" content=\"en_US\" \/>\n<meta property=\"og:type\" content=\"article\" \/>\n<meta property=\"og:title\" content=\"Zingaro-01 - St\u00e9phane OLIVIER\" \/>\n<meta property=\"og:description\" content=\"Collier perle de verre\u00a0elliptiques transparentes \u00a0Gris acier \u00e0 motif filigran\u00e9s crois\u00e9s \u00a0de couleur Verte, Blanche et Orange. - Constitu\u00e9 de 8 Perles\u00a0de diam\u00e8tres 13 \u00e0 18 mm mont\u00e9es sur collier N\u00e9opr\u00e8ne noir longueur 41cm\" \/>\n<meta property=\"og:url\" content=\"https:\/\/www.stephaneolivier.eu\/en\/product\/zingaro-01\/\" \/>\n<meta property=\"og:site_name\" content=\"St\u00e9phane OLIVIER\" \/>\n<meta property=\"article:modified_time\" content=\"2022-01-05T15:27:47+00:00\" \/>\n<meta property=\"og:image\" content=\"https:\/\/www.stephaneolivier.eu\/wp-content\/uploads\/2022\/01\/1x1_064A1461_Zingaro-1_Stephane_OLIVIER.jpg\" \/>\n\t<meta property=\"og:image:width\" content=\"1080\" \/>\n\t<meta property=\"og:image:height\" content=\"1080\" \/>\n\t<meta property=\"og:image:type\" content=\"image\/jpeg\" \/>\n<meta name=\"twitter:card\" content=\"summary_large_image\" \/>\n<script type=\"application\/ld+json\" class=\"yoast-schema-graph\">{\"@context\":\"https:\/\/schema.org\",\"@graph\":[{\"@type\":\"WebPage\",\"@id\":\"https:\/\/www.stephaneolivier.eu\/produit\/zingaro-01\/\",\"url\":\"https:\/\/www.stephaneolivier.eu\/produit\/zingaro-01\/\",\"name\":\"Zingaro-01 - St\u00e9phane OLIVIER\",\"isPartOf\":{\"@id\":\"https:\/\/www.stephaneolivier.eu\/#website\"},\"datePublished\":\"2022-01-05T15:27:46+00:00\",\"dateModified\":\"2022-01-05T15:27:47+00:00\",\"description\":\"Collier perle de verre\u00a0elliptiques transparentes \u00a0Gris acier \u00e0 motif filigran\u00e9s crois\u00e9s \u00a0de couleur Verte, Blanche et Orange. - Constitu\u00e9 de 8 Perles\u00a0de diam\u00e8tres 13 \u00e0 18 mm mont\u00e9es sur collier N\u00e9opr\u00e8ne noir longueur 41cm\",\"breadcrumb\":{\"@id\":\"https:\/\/www.stephaneolivier.eu\/produit\/zingaro-01\/#breadcrumb\"},\"inLanguage\":\"en-US\",\"potentialAction\":[{\"@type\":\"ReadAction\",\"target\":[\"https:\/\/www.stephaneolivier.eu\/produit\/zingaro-01\/\"]}]},{\"@type\":\"BreadcrumbList\",\"@id\":\"https:\/\/www.stephaneolivier.eu\/produit\/zingaro-01\/#breadcrumb\",\"itemListElement\":[{\"@type\":\"ListItem\",\"position\":1,\"name\":\"Accueil\",\"item\":\"https:\/\/www.stephaneolivier.eu\/\"},{\"@type\":\"ListItem\",\"position\":2,\"name\":\"Boutique\",\"item\":\"https:\/\/www.stephaneolivier.eu\/boutique\/\"},{\"@type\":\"ListItem\",\"position\":3,\"name\":\"Zingaro-01\"}]},{\"@type\":\"WebSite\",\"@id\":\"https:\/\/www.stephaneolivier.eu\/#website\",\"url\":\"https:\/\/www.stephaneolivier.eu\/\",\"name\":\"St\u00e9phane OLIVIER Glass Jewelry\",\"description\":\"Artisanat d&#039;art - Bijoux en verre et argent\",\"publisher\":{\"@id\":\"https:\/\/www.stephaneolivier.eu\/#organization\"},\"potentialAction\":[{\"@type\":\"SearchAction\",\"target\":{\"@type\":\"EntryPoint\",\"urlTemplate\":\"https:\/\/www.stephaneolivier.eu\/?s={search_term_string}\"},\"query-input\":\"required name=search_term_string\"}],\"inLanguage\":\"en-US\"},{\"@type\":\"Organization\",\"@id\":\"https:\/\/www.stephaneolivier.eu\/#organization\",\"name\":\"St\u00e9phane OLIVIER\",\"url\":\"https:\/\/www.stephaneolivier.eu\/\",\"logo\":{\"@type\":\"ImageObject\",\"inLanguage\":\"en-US\",\"@id\":\"https:\/\/www.stephaneolivier.eu\/#\/schema\/logo\/image\/\",\"url\":\"https:\/\/www.stephaneolivier.eu\/wp-content\/uploads\/2020\/03\/1x1_IMG_2591_Stendhal-1_Stephane_OLIVIER.jpg\",\"contentUrl\":\"https:\/\/www.stephaneolivier.eu\/wp-content\/uploads\/2020\/03\/1x1_IMG_2591_Stendhal-1_Stephane_OLIVIER.jpg\",\"width\":1024,\"height\":1024,\"caption\":\"St\u00e9phane OLIVIER\"},\"image\":{\"@id\":\"https:\/\/www.stephaneolivier.eu\/#\/schema\/logo\/image\/\"},\"sameAs\":[\"https:\/\/www.instagram.com\/stephane_olivier_beads\/\",\"https:\/\/www.pinterest.fr\/stphaneo\/\"]}]}<\/script>\n<!-- \/ Yoast SEO plugin. -->","yoast_head_json":{"title":"Zingaro-01 - St\u00e9phane OLIVIER","description":"Collier perle de verre\u00a0elliptiques transparentes \u00a0Gris acier \u00e0 motif filigran\u00e9s crois\u00e9s \u00a0de couleur Verte, Blanche et Orange. - Constitu\u00e9 de 8 Perles\u00a0de diam\u00e8tres 13 \u00e0 18 mm mont\u00e9es sur collier N\u00e9opr\u00e8ne noir longueur 41cm","robots":{"index":"index","follow":"follow","max-snippet":"max-snippet:-1","max-image-preview":"max-image-preview:large","max-video-preview":"max-video-preview:-1"},"canonical":"https:\/\/www.stephaneolivier.eu\/en\/product\/zingaro-01\/","og_locale":"en_US","og_type":"article","og_title":"Zingaro-01 - St\u00e9phane OLIVIER","og_description":"Collier perle de verre\u00a0elliptiques transparentes \u00a0Gris acier \u00e0 motif filigran\u00e9s crois\u00e9s \u00a0de couleur Verte, Blanche et Orange. - Constitu\u00e9 de 8 Perles\u00a0de diam\u00e8tres 13 \u00e0 18 mm mont\u00e9es sur collier N\u00e9opr\u00e8ne noir longueur 41cm","og_url":"https:\/\/www.stephaneolivier.eu\/en\/product\/zingaro-01\/","og_site_name":"St\u00e9phane OLIVIER","article_modified_time":"2022-01-05T15:27:47+00:00","og_image":[{"width":1080,"height":1080,"url":"https:\/\/www.stephaneolivier.eu\/wp-content\/uploads\/2022\/01\/1x1_064A1461_Zingaro-1_Stephane_OLIVIER.jpg","type":"image\/jpeg"}],"twitter_card":"summary_large_image","schema":{"@context":"https:\/\/schema.org","@graph":[{"@type":"WebPage","@id":"https:\/\/www.stephaneolivier.eu\/produit\/zingaro-01\/","url":"https:\/\/www.stephaneolivier.eu\/produit\/zingaro-01\/","name":"Zingaro-01 - St\u00e9phane OLIVIER","isPartOf":{"@id":"https:\/\/www.stephaneolivier.eu\/#website"},"datePublished":"2022-01-05T15:27:46+00:00","dateModified":"2022-01-05T15:27:47+00:00","description":"Collier perle de verre\u00a0elliptiques transparentes \u00a0Gris acier \u00e0 motif filigran\u00e9s crois\u00e9s \u00a0de couleur Verte, Blanche et Orange. - Constitu\u00e9 de 8 Perles\u00a0de diam\u00e8tres 13 \u00e0 18 mm mont\u00e9es sur collier N\u00e9opr\u00e8ne noir longueur 41cm","breadcrumb":{"@id":"https:\/\/www.stephaneolivier.eu\/produit\/zingaro-01\/#breadcrumb"},"inLanguage":"en-US","potentialAction":[{"@type":"ReadAction","target":["https:\/\/www.stephaneolivier.eu\/produit\/zingaro-01\/"]}]},{"@type":"BreadcrumbList","@id":"https:\/\/www.stephaneolivier.eu\/produit\/zingaro-01\/#breadcrumb","itemListElement":[{"@type":"ListItem","position":1,"name":"Accueil","item":"https:\/\/www.stephaneolivier.eu\/"},{"@type":"ListItem","position":2,"name":"Boutique","item":"https:\/\/www.stephaneolivier.eu\/boutique\/"},{"@type":"ListItem","position":3,"name":"Zingaro-01"}]},{"@type":"WebSite","@id":"https:\/\/www.stephaneolivier.eu\/#website","url":"https:\/\/www.stephaneolivier.eu\/","name":"St\u00e9phane OLIVIER Glass Jewelry","description":"Artisanat d&#039;art - Bijoux en verre et argent","publisher":{"@id":"https:\/\/www.stephaneolivier.eu\/#organization"},"potentialAction":[{"@type":"SearchAction","target":{"@type":"EntryPoint","urlTemplate":"https:\/\/www.stephaneolivier.eu\/?s={search_term_string}"},"query-input":"required name=search_term_string"}],"inLanguage":"en-US"},{"@type":"Organization","@id":"https:\/\/www.stephaneolivier.eu\/#organization","name":"St\u00e9phane OLIVIER","url":"https:\/\/www.stephaneolivier.eu\/","logo":{"@type":"ImageObject","inLanguage":"en-US","@id":"https:\/\/www.stephaneolivier.eu\/#\/schema\/logo\/image\/","url":"https:\/\/www.stephaneolivier.eu\/wp-content\/uploads\/2020\/03\/1x1_IMG_2591_Stendhal-1_Stephane_OLIVIER.jpg","contentUrl":"https:\/\/www.stephaneolivier.eu\/wp-content\/uploads\/2020\/03\/1x1_IMG_2591_Stendhal-1_Stephane_OLIVIER.jpg","width":1024,"height":1024,"caption":"St\u00e9phane OLIVIER"},"image":{"@id":"https:\/\/www.stephaneolivier.eu\/#\/schema\/logo\/image\/"},"sameAs":["https:\/\/www.instagram.com\/stephane_olivier_beads\/","https:\/\/www.pinterest.fr\/stphaneo\/"]}]}},"_links":{"self":[{"href":"https:\/\/www.stephaneolivier.eu\/en\/wp-json\/wp\/v2\/product\/2365"}],"collection":[{"href":"https:\/\/www.stephaneolivier.eu\/en\/wp-json\/wp\/v2\/product"}],"about":[{"href":"https:\/\/www.stephaneolivier.eu\/en\/wp-json\/wp\/v2\/types\/product"}],"wp:featuredmedia":[{"embeddable":true,"href":"https:\/\/www.stephaneolivier.eu\/en\/wp-json\/wp\/v2\/media\/2366"}],"wp:attachment":[{"href":"https:\/\/www.stephaneolivier.eu\/en\/wp-json\/wp\/v2\/media?parent=2365"}],"wp:term":[{"taxonomy":"product_cat","embeddable":true,"href":"https:\/\/www.stephaneolivier.eu\/en\/wp-json\/wp\/v2\/product_cat?post=2365"},{"taxonomy":"product_tag","embeddable":true,"href":"https:\/\/www.stephaneolivier.eu\/en\/wp-json\/wp\/v2\/product_tag?post=2365"}],"curies":[{"name":"wp","href":"https:\/\/api.w.org\/{rel}","templated":true}]}}

<p>Collier perle de verre elliptiques transparentes  Gris acier à motif filigranés croisés  de couleur Verte, Blanche et Orange. Constitué de 8 Perles de diamètres 13 à 18 mm montées sur collier Néoprène noir longueur 41cm Fermeture par boucle et petite perle de couleur Gris acier (image du detail de la fermeture non contractuelle) Poids 59g</p>

<!-- This site is optimized with the Yoast SEO plugin v20.12 - https://yoast.com/wordpress/plugins/seo/ -->
<title>Zingaro-01 - Stéphane OLIVIER</title>
<meta name="description" content="Collier perle de verre elliptiques transparentes  Gris acier à motif filigranés croisés  de couleur Verte, Blanche et Orange. - Constitué de 8 Perles de diamètres 13 à 18 mm montées sur collier Néoprène noir longueur 41cm" />
<meta name="robots" content="index, follow, max-snippet:-1, max-image-preview:large, max-video-preview:-1" />
<link rel="canonical" href="https://www.stephaneolivier.eu/en/product/zingaro-01/" />
<meta property="og:locale" content="en_US" />
<meta property="og:type" content="article" />
<meta property="og:title" content="Zingaro-01 - Stéphane OLIVIER" />
<meta property="og:description" content="Collier perle de verre elliptiques transparentes  Gris acier à motif filigranés croisés  de couleur Verte, Blanche et Orange. - Constitué de 8 Perles de diamètres 13 à 18 mm montées sur collier Néoprène noir longueur 41cm" />
<meta property="og:url" content="https://www.stephaneolivier.eu/en/product/zingaro-01/" />
<meta property="og:site_name" content="Stéphane OLIVIER" />
<meta property="article:modified_time" content="2022-01-05T15:27:47+00:00" />
<meta property="og:image" content="https://www.stephaneolivier.eu/wp-content/uploads/2022/01/1x1_064A1461_Zingaro-1_Stephane_OLIVIER.jpg" />
	<meta property="og:image:width" content="1080" />
	<meta property="og:image:height" content="1080" />
	<meta property="og:image:type" content="image/jpeg" />
<meta name="twitter:card" content="summary_large_image" />
<script type="application/ld+json" class="yoast-schema-graph">{"@context":"https://schema.org","@graph":[{"@type":"WebPage","@id":"https://www.stephaneolivier.eu/produit/zingaro-01/","url":"https://www.stephaneolivier.eu/produit/zingaro-01/","name":"Zingaro-01 - Stéphane OLIVIER","isPartOf":{"@id":"https://www.stephaneolivier.eu/#website"},"datePublished":"2022-01-05T15:27:46+00:00","dateModified":"2022-01-05T15:27:47+00:00","description":"Collier perle de verre elliptiques transparentes  Gris acier à motif filigranés croisés  de couleur Verte, Blanche et Orange. - Constitué de 8 Perles de diamètres 13 à 18 mm montées sur collier Néoprène noir longueur 41cm","breadcrumb":{"@id":"https://www.stephaneolivier.eu/produit/zingaro-01/#breadcrumb"},"inLanguage":"en-US","potentialAction":[{"@type":"ReadAction","target":["https://www.stephaneolivier.eu/produit/zingaro-01/"]}]},{"@type":"BreadcrumbList","@id":"https://www.stephaneolivier.eu/produit/zingaro-01/#breadcrumb","itemListElement":[{"@type":"ListItem","position":1,"name":"Accueil","item":"https://www.stephaneolivier.eu/"},{"@type":"ListItem","position":2,"name":"Boutique","item":"https://www.stephaneolivier.eu/boutique/"},{"@type":"ListItem","position":3,"name":"Zingaro-01"}]},{"@type":"WebSite","@id":"https://www.stephaneolivier.eu/#website","url":"https://www.stephaneolivier.eu/","name":"Stéphane OLIVIER Glass Jewelry","description":"Artisanat d&#039;art - Bijoux en verre et argent","publisher":{"@id":"https://www.stephaneolivier.eu/#organization"},"potentialAction":[{"@type":"SearchAction","target":{"@type":"EntryPoint","urlTemplate":"https://www.stephaneolivier.eu/?s={search_term_string}"},"query-input":"required name=search_term_string"}],"inLanguage":"en-US"},{"@type":"Organization","@id":"https://www.stephaneolivier.eu/#organization","name":"Stéphane OLIVIER","url":"https://www.stephaneolivier.eu/","logo":{"@type":"ImageObject","inLanguage":"en-US","@id":"https://www.stephaneolivier.eu/#/schema/logo/image/","url":"https://www.stephaneolivier.eu/wp-content/uploads/2020/03/1x1_IMG_2591_Stendhal-1_Stephane_OLIVIER.jpg","contentUrl":"https://www.stephaneolivier.eu/wp-content/uploads/2020/03/1x1_IMG_2591_Stendhal-1_Stephane_OLIVIER.jpg","width":1024,"height":1024,"caption":"Stéphane OLIVIER"},"image":{"@id":"https://www.stephaneolivier.eu/#/schema/logo/image/"},"sameAs":["https://www.instagram.com/stephane_olivier_beads/","https://www.pinterest.fr/stphaneo/"]}]}</script>
<!-- / Yoast SEO plugin. -->

Zingaro-01 - Stéphane OLIVIER

Collier perle de verre elliptiques transparentes  Gris acier à motif filigranés croisés  de couleur Verte, Blanche et Orange. - Constitué de 8 Perles de diamètres 13 à 18 mm montées sur collier Néoprène noir longueur 41cm

Stéphane OLIVIER

Stéphane OLIVIER Glass Jewelry
