{"id":2369,"date":"2022-01-05T16:31:40","date_gmt":"2022-01-05T15:31:40","guid":{"rendered":"https:\/\/www.stephaneolivier.eu\/?post_type=product&#038;p=2369"},"modified":"2022-01-05T16:31:40","modified_gmt":"2022-01-05T15:31:40","slug":"zingaro-02","status":"publish","type":"product","link":"https:\/\/www.stephaneolivier.eu\/en\/product\/zingaro-02\/","title":{"rendered":"Zingaro-02"},"content":{"rendered":"<p class=\" translation-block\"><strong> Elliptical  Glass bead necklace<\/strong> using transparent <strong>Steel Grey<\/strong> with crossed filigree pattern in <strong>White<\/strong> and <strong>Orange<\/strong>.<\/p>\n<p class=\" translation-block\"><strong>Pearl<\/strong> diameter <strong>15mm<\/strong> mounted on <strong>black neoprene collar<\/strong> length <strong>41cm<\/strong><\/p>\n<p class=\" translation-block\">Buckle closure and small <b>White<\/b> bead (detail image of the closure is not contractual)<\/p>\n<p class=\" translation-block\">Weight <strong>10g<\/strong><\/p>","protected":false},"excerpt":{"rendered":"<p>Collier perle de verre\u00a0elliptique\u00a0transparentes \u00a0Gris acier \u00e0 motif filigran\u00e9s crois\u00e9s \u00a0de couleur Blanche et Orange. Perle\u00a0de diam\u00e8tres 15mm mont\u00e9es sur collier N\u00e9opr\u00e8ne noir longueur 41cm Fermeture par boucle et petite perle de couleur Blanche\u00a0(image du detail de la fermeture non contractuelle) Poids 10g<\/p>","protected":false},"featured_media":2368,"template":"","meta":{"_mi_skip_tracking":false,"_monsterinsights_sitenote_active":false,"_monsterinsights_sitenote_note":"","_monsterinsights_sitenote_category":0,"_vp_format_video_url":"","_vp_image_focal_point":[]},"product_cat":[155,154],"product_tag":[162],"yoast_head":"<!-- This site is optimized with the Yoast SEO plugin v20.12 - https:\/\/yoast.com\/wordpress\/plugins\/seo\/ -->\n<title>Zingaro-02 - St\u00e9phane OLIVIER<\/title>\n<meta name=\"description\" content=\"Collier perle de verre\u00a0elliptique\u00a0transparentes \u00a0Gris acier \u00e0 motif filigran\u00e9s crois\u00e9s \u00a0de couleur Blanche et Orange. - Perle\u00a0de diam\u00e8tres 15mm mont\u00e9es sur collier N\u00e9opr\u00e8ne noir longueur 41cm\" \/>\n<meta name=\"robots\" content=\"index, follow, max-snippet:-1, max-image-preview:large, max-video-preview:-1\" \/>\n<link rel=\"canonical\" href=\"https:\/\/www.stephaneolivier.eu\/en\/product\/zingaro-02\/\" \/>\n<meta property=\"og:locale\" content=\"en_US\" \/>\n<meta property=\"og:type\" content=\"article\" \/>\n<meta property=\"og:title\" content=\"Zingaro-02 - St\u00e9phane OLIVIER\" \/>\n<meta property=\"og:description\" content=\"Collier perle de verre\u00a0elliptique\u00a0transparentes \u00a0Gris acier \u00e0 motif filigran\u00e9s crois\u00e9s \u00a0de couleur Blanche et Orange. - Perle\u00a0de diam\u00e8tres 15mm mont\u00e9es sur collier N\u00e9opr\u00e8ne noir longueur 41cm\" \/>\n<meta property=\"og:url\" content=\"https:\/\/www.stephaneolivier.eu\/en\/product\/zingaro-02\/\" \/>\n<meta property=\"og:site_name\" content=\"St\u00e9phane OLIVIER\" \/>\n<meta property=\"og:image\" content=\"https:\/\/www.stephaneolivier.eu\/wp-content\/uploads\/2022\/01\/1x1_064A1478_Zingaro-2_Stephane_OLIVIER.jpg\" \/>\n\t<meta property=\"og:image:width\" content=\"1080\" \/>\n\t<meta property=\"og:image:height\" content=\"1080\" \/>\n\t<meta property=\"og:image:type\" content=\"image\/jpeg\" \/>\n<meta name=\"twitter:card\" content=\"summary_large_image\" \/>\n<meta name=\"twitter:label1\" content=\"Est. reading time\" \/>\n\t<meta name=\"twitter:data1\" content=\"1 minute\" \/>\n<script type=\"application\/ld+json\" class=\"yoast-schema-graph\">{\"@context\":\"https:\/\/schema.org\",\"@graph\":[{\"@type\":\"WebPage\",\"@id\":\"https:\/\/www.stephaneolivier.eu\/produit\/zingaro-02\/\",\"url\":\"https:\/\/www.stephaneolivier.eu\/produit\/zingaro-02\/\",\"name\":\"Zingaro-02 - St\u00e9phane OLIVIER\",\"isPartOf\":{\"@id\":\"https:\/\/www.stephaneolivier.eu\/#website\"},\"datePublished\":\"2022-01-05T15:31:40+00:00\",\"dateModified\":\"2022-01-05T15:31:40+00:00\",\"description\":\"Collier perle de verre\u00a0elliptique\u00a0transparentes \u00a0Gris acier \u00e0 motif filigran\u00e9s crois\u00e9s \u00a0de couleur Blanche et Orange. - Perle\u00a0de diam\u00e8tres 15mm mont\u00e9es sur collier N\u00e9opr\u00e8ne noir longueur 41cm\",\"breadcrumb\":{\"@id\":\"https:\/\/www.stephaneolivier.eu\/produit\/zingaro-02\/#breadcrumb\"},\"inLanguage\":\"en-US\",\"potentialAction\":[{\"@type\":\"ReadAction\",\"target\":[\"https:\/\/www.stephaneolivier.eu\/produit\/zingaro-02\/\"]}]},{\"@type\":\"BreadcrumbList\",\"@id\":\"https:\/\/www.stephaneolivier.eu\/produit\/zingaro-02\/#breadcrumb\",\"itemListElement\":[{\"@type\":\"ListItem\",\"position\":1,\"name\":\"Accueil\",\"item\":\"https:\/\/www.stephaneolivier.eu\/\"},{\"@type\":\"ListItem\",\"position\":2,\"name\":\"Boutique\",\"item\":\"https:\/\/www.stephaneolivier.eu\/boutique\/\"},{\"@type\":\"ListItem\",\"position\":3,\"name\":\"Zingaro-02\"}]},{\"@type\":\"WebSite\",\"@id\":\"https:\/\/www.stephaneolivier.eu\/#website\",\"url\":\"https:\/\/www.stephaneolivier.eu\/\",\"name\":\"St\u00e9phane OLIVIER Glass Jewelry\",\"description\":\"Artisanat d&#039;art - Bijoux en verre et argent\",\"publisher\":{\"@id\":\"https:\/\/www.stephaneolivier.eu\/#organization\"},\"potentialAction\":[{\"@type\":\"SearchAction\",\"target\":{\"@type\":\"EntryPoint\",\"urlTemplate\":\"https:\/\/www.stephaneolivier.eu\/?s={search_term_string}\"},\"query-input\":\"required name=search_term_string\"}],\"inLanguage\":\"en-US\"},{\"@type\":\"Organization\",\"@id\":\"https:\/\/www.stephaneolivier.eu\/#organization\",\"name\":\"St\u00e9phane OLIVIER\",\"url\":\"https:\/\/www.stephaneolivier.eu\/\",\"logo\":{\"@type\":\"ImageObject\",\"inLanguage\":\"en-US\",\"@id\":\"https:\/\/www.stephaneolivier.eu\/#\/schema\/logo\/image\/\",\"url\":\"https:\/\/www.stephaneolivier.eu\/wp-content\/uploads\/2020\/03\/1x1_IMG_2591_Stendhal-1_Stephane_OLIVIER.jpg\",\"contentUrl\":\"https:\/\/www.stephaneolivier.eu\/wp-content\/uploads\/2020\/03\/1x1_IMG_2591_Stendhal-1_Stephane_OLIVIER.jpg\",\"width\":1024,\"height\":1024,\"caption\":\"St\u00e9phane OLIVIER\"},\"image\":{\"@id\":\"https:\/\/www.stephaneolivier.eu\/#\/schema\/logo\/image\/\"},\"sameAs\":[\"https:\/\/www.instagram.com\/stephane_olivier_beads\/\",\"https:\/\/www.pinterest.fr\/stphaneo\/\"]}]}<\/script>\n<!-- \/ Yoast SEO plugin. -->","yoast_head_json":{"title":"Zingaro-02 - St\u00e9phane OLIVIER","description":"Collier perle de verre\u00a0elliptique\u00a0transparentes \u00a0Gris acier \u00e0 motif filigran\u00e9s crois\u00e9s \u00a0de couleur Blanche et Orange. - Perle\u00a0de diam\u00e8tres 15mm mont\u00e9es sur collier N\u00e9opr\u00e8ne noir longueur 41cm","robots":{"index":"index","follow":"follow","max-snippet":"max-snippet:-1","max-image-preview":"max-image-preview:large","max-video-preview":"max-video-preview:-1"},"canonical":"https:\/\/www.stephaneolivier.eu\/en\/product\/zingaro-02\/","og_locale":"en_US","og_type":"article","og_title":"Zingaro-02 - St\u00e9phane OLIVIER","og_description":"Collier perle de verre\u00a0elliptique\u00a0transparentes \u00a0Gris acier \u00e0 motif filigran\u00e9s crois\u00e9s \u00a0de couleur Blanche et Orange. - Perle\u00a0de diam\u00e8tres 15mm mont\u00e9es sur collier N\u00e9opr\u00e8ne noir longueur 41cm","og_url":"https:\/\/www.stephaneolivier.eu\/en\/product\/zingaro-02\/","og_site_name":"St\u00e9phane OLIVIER","og_image":[{"width":1080,"height":1080,"url":"https:\/\/www.stephaneolivier.eu\/wp-content\/uploads\/2022\/01\/1x1_064A1478_Zingaro-2_Stephane_OLIVIER.jpg","type":"image\/jpeg"}],"twitter_card":"summary_large_image","twitter_misc":{"Est. reading time":"1 minute"},"schema":{"@context":"https:\/\/schema.org","@graph":[{"@type":"WebPage","@id":"https:\/\/www.stephaneolivier.eu\/produit\/zingaro-02\/","url":"https:\/\/www.stephaneolivier.eu\/produit\/zingaro-02\/","name":"Zingaro-02 - St\u00e9phane OLIVIER","isPartOf":{"@id":"https:\/\/www.stephaneolivier.eu\/#website"},"datePublished":"2022-01-05T15:31:40+00:00","dateModified":"2022-01-05T15:31:40+00:00","description":"Collier perle de verre\u00a0elliptique\u00a0transparentes \u00a0Gris acier \u00e0 motif filigran\u00e9s crois\u00e9s \u00a0de couleur Blanche et Orange. - Perle\u00a0de diam\u00e8tres 15mm mont\u00e9es sur collier N\u00e9opr\u00e8ne noir longueur 41cm","breadcrumb":{"@id":"https:\/\/www.stephaneolivier.eu\/produit\/zingaro-02\/#breadcrumb"},"inLanguage":"en-US","potentialAction":[{"@type":"ReadAction","target":["https:\/\/www.stephaneolivier.eu\/produit\/zingaro-02\/"]}]},{"@type":"BreadcrumbList","@id":"https:\/\/www.stephaneolivier.eu\/produit\/zingaro-02\/#breadcrumb","itemListElement":[{"@type":"ListItem","position":1,"name":"Accueil","item":"https:\/\/www.stephaneolivier.eu\/"},{"@type":"ListItem","position":2,"name":"Boutique","item":"https:\/\/www.stephaneolivier.eu\/boutique\/"},{"@type":"ListItem","position":3,"name":"Zingaro-02"}]},{"@type":"WebSite","@id":"https:\/\/www.stephaneolivier.eu\/#website","url":"https:\/\/www.stephaneolivier.eu\/","name":"St\u00e9phane OLIVIER Glass Jewelry","description":"Artisanat d&#039;art - Bijoux en verre et argent","publisher":{"@id":"https:\/\/www.stephaneolivier.eu\/#organization"},"potentialAction":[{"@type":"SearchAction","target":{"@type":"EntryPoint","urlTemplate":"https:\/\/www.stephaneolivier.eu\/?s={search_term_string}"},"query-input":"required name=search_term_string"}],"inLanguage":"en-US"},{"@type":"Organization","@id":"https:\/\/www.stephaneolivier.eu\/#organization","name":"St\u00e9phane OLIVIER","url":"https:\/\/www.stephaneolivier.eu\/","logo":{"@type":"ImageObject","inLanguage":"en-US","@id":"https:\/\/www.stephaneolivier.eu\/#\/schema\/logo\/image\/","url":"https:\/\/www.stephaneolivier.eu\/wp-content\/uploads\/2020\/03\/1x1_IMG_2591_Stendhal-1_Stephane_OLIVIER.jpg","contentUrl":"https:\/\/www.stephaneolivier.eu\/wp-content\/uploads\/2020\/03\/1x1_IMG_2591_Stendhal-1_Stephane_OLIVIER.jpg","width":1024,"height":1024,"caption":"St\u00e9phane OLIVIER"},"image":{"@id":"https:\/\/www.stephaneolivier.eu\/#\/schema\/logo\/image\/"},"sameAs":["https:\/\/www.instagram.com\/stephane_olivier_beads\/","https:\/\/www.pinterest.fr\/stphaneo\/"]}]}},"_links":{"self":[{"href":"https:\/\/www.stephaneolivier.eu\/en\/wp-json\/wp\/v2\/product\/2369"}],"collection":[{"href":"https:\/\/www.stephaneolivier.eu\/en\/wp-json\/wp\/v2\/product"}],"about":[{"href":"https:\/\/www.stephaneolivier.eu\/en\/wp-json\/wp\/v2\/types\/product"}],"wp:featuredmedia":[{"embeddable":true,"href":"https:\/\/www.stephaneolivier.eu\/en\/wp-json\/wp\/v2\/media\/2368"}],"wp:attachment":[{"href":"https:\/\/www.stephaneolivier.eu\/en\/wp-json\/wp\/v2\/media?parent=2369"}],"wp:term":[{"taxonomy":"product_cat","embeddable":true,"href":"https:\/\/www.stephaneolivier.eu\/en\/wp-json\/wp\/v2\/product_cat?post=2369"},{"taxonomy":"product_tag","embeddable":true,"href":"https:\/\/www.stephaneolivier.eu\/en\/wp-json\/wp\/v2\/product_tag?post=2369"}],"curies":[{"name":"wp","href":"https:\/\/api.w.org\/{rel}","templated":true}]}}

<p>Collier perle de verre elliptique transparentes  Gris acier à motif filigranés croisés  de couleur Blanche et Orange. Perle de diamètres 15mm montées sur collier Néoprène noir longueur 41cm Fermeture par boucle et petite perle de couleur Blanche (image du detail de la fermeture non contractuelle) Poids 10g</p>

<!-- This site is optimized with the Yoast SEO plugin v20.12 - https://yoast.com/wordpress/plugins/seo/ -->
<title>Zingaro-02 - Stéphane OLIVIER</title>
<meta name="description" content="Collier perle de verre elliptique transparentes  Gris acier à motif filigranés croisés  de couleur Blanche et Orange. - Perle de diamètres 15mm montées sur collier Néoprène noir longueur 41cm" />
<meta name="robots" content="index, follow, max-snippet:-1, max-image-preview:large, max-video-preview:-1" />
<link rel="canonical" href="https://www.stephaneolivier.eu/en/product/zingaro-02/" />
<meta property="og:locale" content="en_US" />
<meta property="og:type" content="article" />
<meta property="og:title" content="Zingaro-02 - Stéphane OLIVIER" />
<meta property="og:description" content="Collier perle de verre elliptique transparentes  Gris acier à motif filigranés croisés  de couleur Blanche et Orange. - Perle de diamètres 15mm montées sur collier Néoprène noir longueur 41cm" />
<meta property="og:url" content="https://www.stephaneolivier.eu/en/product/zingaro-02/" />
<meta property="og:site_name" content="Stéphane OLIVIER" />
<meta property="og:image" content="https://www.stephaneolivier.eu/wp-content/uploads/2022/01/1x1_064A1478_Zingaro-2_Stephane_OLIVIER.jpg" />
	<meta property="og:image:width" content="1080" />
	<meta property="og:image:height" content="1080" />
	<meta property="og:image:type" content="image/jpeg" />
<meta name="twitter:card" content="summary_large_image" />
<meta name="twitter:label1" content="Est. reading time" />
	<meta name="twitter:data1" content="1 minute" />
<script type="application/ld+json" class="yoast-schema-graph">{"@context":"https://schema.org","@graph":[{"@type":"WebPage","@id":"https://www.stephaneolivier.eu/produit/zingaro-02/","url":"https://www.stephaneolivier.eu/produit/zingaro-02/","name":"Zingaro-02 - Stéphane OLIVIER","isPartOf":{"@id":"https://www.stephaneolivier.eu/#website"},"datePublished":"2022-01-05T15:31:40+00:00","dateModified":"2022-01-05T15:31:40+00:00","description":"Collier perle de verre elliptique transparentes  Gris acier à motif filigranés croisés  de couleur Blanche et Orange. - Perle de diamètres 15mm montées sur collier Néoprène noir longueur 41cm","breadcrumb":{"@id":"https://www.stephaneolivier.eu/produit/zingaro-02/#breadcrumb"},"inLanguage":"en-US","potentialAction":[{"@type":"ReadAction","target":["https://www.stephaneolivier.eu/produit/zingaro-02/"]}]},{"@type":"BreadcrumbList","@id":"https://www.stephaneolivier.eu/produit/zingaro-02/#breadcrumb","itemListElement":[{"@type":"ListItem","position":1,"name":"Accueil","item":"https://www.stephaneolivier.eu/"},{"@type":"ListItem","position":2,"name":"Boutique","item":"https://www.stephaneolivier.eu/boutique/"},{"@type":"ListItem","position":3,"name":"Zingaro-02"}]},{"@type":"WebSite","@id":"https://www.stephaneolivier.eu/#website","url":"https://www.stephaneolivier.eu/","name":"Stéphane OLIVIER Glass Jewelry","description":"Artisanat d&#039;art - Bijoux en verre et argent","publisher":{"@id":"https://www.stephaneolivier.eu/#organization"},"potentialAction":[{"@type":"SearchAction","target":{"@type":"EntryPoint","urlTemplate":"https://www.stephaneolivier.eu/?s={search_term_string}"},"query-input":"required name=search_term_string"}],"inLanguage":"en-US"},{"@type":"Organization","@id":"https://www.stephaneolivier.eu/#organization","name":"Stéphane OLIVIER","url":"https://www.stephaneolivier.eu/","logo":{"@type":"ImageObject","inLanguage":"en-US","@id":"https://www.stephaneolivier.eu/#/schema/logo/image/","url":"https://www.stephaneolivier.eu/wp-content/uploads/2020/03/1x1_IMG_2591_Stendhal-1_Stephane_OLIVIER.jpg","contentUrl":"https://www.stephaneolivier.eu/wp-content/uploads/2020/03/1x1_IMG_2591_Stendhal-1_Stephane_OLIVIER.jpg","width":1024,"height":1024,"caption":"Stéphane OLIVIER"},"image":{"@id":"https://www.stephaneolivier.eu/#/schema/logo/image/"},"sameAs":["https://www.instagram.com/stephane_olivier_beads/","https://www.pinterest.fr/stphaneo/"]}]}</script>
<!-- / Yoast SEO plugin. -->

Zingaro-02 - Stéphane OLIVIER

Collier perle de verre elliptique transparentes  Gris acier à motif filigranés croisés  de couleur Blanche et Orange. - Perle de diamètres 15mm montées sur collier Néoprène noir longueur 41cm

Stéphane OLIVIER

Stéphane OLIVIER Glass Jewelry
